 c?
3
Let o = 1456 + 263. List the prime factors of o.
3, 191
Suppose 0 = -4*z + 4*u + 1028, 0 = -2*z + 25*u - 22*u + 518. What are the prime factors of z?
11, 23
Let r(k) = -2*k**2 - 19*k - 9. Let v be r(-9). Let c(n) = n**3 + 2*n + 55. What are the prime factors of c(v)?
5, 11
Let g(c) = -c**3 - 3*c**2 + 4*c - 10. List the prime factors of g(-6).
2, 37
Suppose -12 - 15 = -c + 4*v, 2*c = -4*v - 6. Let k(s) = 13*s + 31. List the prime factors of k(c).
2, 61
Suppose 0 = 21*i - 29153 - 5350. List the prime factors of i.
31, 53
Suppose w = -2*w - n + 1516, 2*n = -10. List the prime factors of w.
3, 13
Suppose -2*d + i + 1157 = 0, -2*d + 1537 - 371 = 2*i. List the prime factors of d.
2, 5, 29
Let w(s) = -s**2 - 15*s + 529. What are the prime factors of w(-27)?
5, 41
Let z(t) = -11*t + t**2 - 2*t**2 + 2*t**2 - 13 + t. Let h be z(12). Let d = 33 - h. What are the prime factors of d?
2, 11
Let h be 1670/(-14) + 2 + 72/(-42). What are the prime factors of (408/h)/(4/(-126))?
2, 3
Suppose m + 79 = 2*v, -3*v - 87 + 496 = -5*m. Let d = m + 165. Suppose 4*o - 2*o = d. List the prime factors of o.
41
Let h(d) be the first derivative of d**6/120 - 4*d**3/3 + 1. Let u(n) be the third derivative of h(n). What are the prime factors of u(-2)?
2, 3
Let q(p) = -p**3 - 6*p**2 + 10*p. Let m be q(-7). Let o = m + 7. Let k = 30 + o. What are the prime factors of k?
2
Suppose 5*u - o = 2*o + 9320, 2*u - 3*o - 3737 = 0. List the prime factors of u.
1861
Let o = 4912 + -965. List the prime factors of o.
3947
Let y be (0 - -2 - -2) + -2. Suppose -138 = -y*g - 16. What are the prime factors of g + 2 + (-4 - -1)?
2, 3, 5
List the prime factors of 25200/5 - 143/(-13).
5051
Let s = -94 - -96. Suppose 7*k - s*k = 5*o + 690, 5*o + 25 = 0. List the prime factors of k.
7, 19
Let b(p) = 38*p + 51. What are the prime factors of b(3)?
3, 5, 11
Suppose 5*f = -2*d + 508, 34*f + 304 = 37*f + 2*d. What are the prime factors of f?
2, 3, 17
Suppose 81 = q - 3*v, -4*v + 462 = 4*q + q. Suppose -q = 2*n - 7*n. What are the prime factors of 33/2*n/27?
11
Let p = 11 - 6. Let z(v) = v**3 - v**2 - 4*v - 2. Let t be z(p). Suppose -2*y = -t - 54. List the prime factors of y.
2, 3, 11
Suppose -4*y + 10 + 2 = 0. What are the prime factors of (-48)/36 - (-145)/y?
47
Let l = -13 + 22. Let o(c) = -c - 15. Let g(b) = -6*b - 76. Let q(k) = -3*g(k) + 16*o(k). What are the prime factors of q(l)?
2, 3
What are the prime factors of 15/35 + (-131832)/(-63)?
7, 13, 23
Suppose 10*p - 516 = 14*p. Let l = 189 + p. List the prime factors of l.
2, 3, 5
Suppose 3392 = 2*v - 2*a, 0 = -6*v + 11*v + 5*a - 8510. What are the prime factors of v?
1699
Suppose 4*o + 421 + 239 = 0. Let l = -88 - o. What are the prime factors of l?
7, 11
Let j(u) = 30*u**2 - 6*u - 27. What are the prime factors of j(-4)?
3, 53
Suppose 4*y = 8*y - 64. Suppose 2*r - 4*r = 10, 2*l + 4*r + y = 0. Let v(p) = 3*p**2 - 4. List the prime factors of v(l).
2
Let j be (-6 - 0)/(18/(-963)). Suppose j = 4*d - 27. What are the prime factors of d?
3, 29
Suppose -3 = 8*j - 35. What are the prime factors of j?
2
Suppose 0 = -u - 2*b, 0*b = -5*u + 4*b. Suppose u = 6*p - p + 255. Let l = 113 + p. List the prime factors of l.
2, 31
Let m = -1 + 11. Let y(s) = -8*s - 17. Let k(l) = -l - 1. Let o(b) = 6*k(b) - y(b). What are the prime factors of o(m)?
31
Let q = 1 - -127. What are the prime factors of q?
2
Let n be 2/8 - 46/(-8). Let s(o) = 2*o**2 - 7 + 9 - 6*o - 14. List the prime factors of s(n).
2, 3
Let j(y) = y + 11. Let r be j(-10). Suppose -6*a = -3*a - 4*s - r, 3*s = -2*a + 12. Let f = 19 - a. List the prime factors of f.
2
Let p(n) = -5*n**3 - 2*n**2 + n - 12. Let m(u) = -14*u**3 - 7*u**2 + 4*u - 36. Let y(q) = -4*m(q) + 11*p(q). What are the prime factors of y(-5)?
2, 31
Let v = 1358 + -921. What are the prime factors of v?
19, 23
Let a(i) = -i**3 + 6*i**2 - 5*i + 2. Let h be a(5). Let b be 2 - h*(-10)/2. List the prime factors of (-1)/((-1)/b) + 2.
2, 7
Suppose -4*l + 2*l = -12. Suppose -f = -0*f - l. Suppose -f*j = -j - 80. List the prime factors of j.
2
Let r(m) = -m**2 - 4*m - 2. Let u be r(-3). Let z = 767 + -522. What are the prime factors of z/(-14)*(u + -3)?
5, 7
Suppose 2*v = 7 - 13. List the prime factors of 1/(v/1245*-5).
83
Suppose -97*n - 12 = -101*n. Suppose 0 = n*r - l - 811, 0*l + l - 2 = 0. List the prime factors of r.
271
Suppose 7*m = -17*m + 31344. List the prime factors of m.
2, 653
Let a(h) = -h - 3. Let d be a(-5). Suppose 2*q + 3*s - 1 + 9 = 0, 16 = d*q - 3*s. Suppose -5*o + 3*k + 15 = 0, o - 2 = q*k + 1. List the prime factors of o.
3
Let j = 17272 + -12312. What are the prime factors of j?
2, 5, 31
Let r(j) = -j**2 + j + 8. Let s be r(-5). Let i(b) = -b**3 - 23*b**2 - 23*b + 23. What are the prime factors of i(s)?
3, 5
Suppose -b = -2*o - 2 + 5, 0 = -2*o - 2*b. Let u(m) = 52*m**3 + m**2 - m. What are the prime factors of u(o)?
2, 13
Let f(s) = s + 8. Let p(d) = -11*d**3 - d + 2. Let k be p(1). Let h be f(k). Let w(n) = -17*n + 2. What are the prime factors of w(h)?
2, 3
Let t(k) = 65*k**2 + 23*k + 68. List the prime factors of t(-3).
2, 73
Suppose 0 = -2*w - 2*w + 16. Suppose -2*g + 2 + 4 = -2*d, -g + 2*d + 4 = 0. Suppose n + 49 - w = 3*h, 0 = -h - 4*n + g. List the prime factors of h.
2, 7
Suppose 1152 = 2*m + a, 3*m - 1729 = 104*a - 105*a. List the prime factors of m.
577
Let s be 0 - (-25 - (-2)/(-2)). Let m = s + -21. List the prime factors of m.
5
Suppose -23 = -2*n + 5*k, -4*n - k + 2 = -11. Suppose -3*b = -2*g - 381, -273 - 249 = -n*b - 2*g. Let o = b - 92. List the prime factors of o.
37
Let r = -1489 + 2155. What are the prime factors of r?
2, 3, 37
Let m(b) = b**3 + 6*b**2 - 4*b - 9. Let l be m(-6). Suppose 2*i - l = -i. Suppose -i = -2*n + 81. List the prime factors of n.
43
Let i be (-19 - 2/(-2))*-2. Suppose 177 = -20*s - 183. List the prime factors of 656/i - (-4)/s.
2, 3
Let p be 2*1/2 + 14. Suppose -3*x + 4*f = f - p, -x - 2*f = 4. Suppose 4*a + x*a = 252. What are the prime factors of a?
2, 3, 7
Let c(u) = -u**2 - 10*u - 9. Let k be c(-9). Suppose -b - 5*z = -89 - 36, b - 5*z - 115 = k. What are the prime factors of b?
2, 3, 5
What are the prime factors of 6 + 11 + (-23488)/(-4)?
3, 13, 151
Let i = -32 + 29. Let g(h) = -h**3 - 2*h**2 - 4. Let t be g(i). Suppose -4*q - s + 37 = -0*q, q = t*s + 4. List the prime factors of q.
3
Suppose -3*x - 197 = -803. Let i = x + -81. What are the prime factors of i?
11
Let d = -13 + 8. What are the prime factors of (-2483)/(-65) + 1/d?
2, 19
Let y be ((-150)/60)/((-3)/(-42)). Suppose 5*w + 7 = -128. Let v = w - y. What are the prime factors of v?
2
What are the prime factors of -6 - -1 - (-508)/12*3?
2, 61
Let s = -3746 - -5570. List the prime factors of s.
2, 3, 19
Suppose -k - 18*k + 5244 = 0. List the prime factors of k.
2, 3, 23
Suppose 23*n + 472 = 24*n. List the prime factors of n.
2, 59
Let w(v) = v**2 + 5*v + 3. Let u be ((-15)/(-6))/((-8)/16). What are the prime factors of w(u)?
3
Let w(d) = d**2 + d + 3. Let a be w(-2). Suppose 2*h - 194 = a*s, 2*h = -4*s + 6 + 206. List the prime factors of h.
2, 3, 17
What are the prime factors of (-1 - (-21)/9) + (-5408)/(-48)?
2, 3, 19
Let u(o) = 138*o + 231. List the prime factors of u(14).
3, 7, 103
Let g(m) be the third derivative of -13*m**4/6 + 5*m**3/6 - 2*m**2. What are the prime factors of g(-3)?
7, 23
Let w(s) be the second derivative of -s**5/20 - 7*s**4/6 + 7*s**3/6 - 8*s**2 + 35*s. List the prime factors of w(-15).
2, 13
Let s(i) = -7*i**2 - 3*i - 1. Let o be s(-1). What are the prime factors of ((-89)/3)/(o/15)?
89
Let f(g) = -40*g - 21. Let x(k) = -13*k - 7. Let b(l) = 2*f(l) - 7*x(l). Let o(q) = -11*q - 8. Let c(v) = -3*b(v) - 2*o(v). What are the prime factors of c(-3)?
2, 7
Let p(j) = -8*j - 4. Let l be (-335)/30 - (-1)/6. What are the prime factors of p(l)?
2, 3, 7
Let s = 12 + -8. Suppose 45 = 7*m - 11. Let k = m - s. List the prime factors of k.
2
Let m(k) = -k**3 - k**2 + k + 3. Let i be m(0). Suppose 377 = 5*s + t, -4*s + 443 = -i*t + 130. What are the prime factors of s?
2, 19
Suppose 3*o + 0*o = 396. Suppose 0*x - 4*x - w + 100 = 0, -5*x - 3*w + o = 0. List the prime factors of x.
2, 3
Suppose 3*u + 4*u - 357 = 0. Let z = -21 + u. List the prime factors of z.
2, 3, 5
Let n be (-3 + 2)/((-3 - -2)/(-3